{"id":15625,"date":"2013-08-07T00:57:14","date_gmt":"2013-08-06T22:57:14","guid":{"rendered":"https:\/\/cna.lpo.fr\/?page_id=15625"},"modified":"2025-09-02T16:17:34","modified_gmt":"2025-09-02T14:17:34","slug":"le-comite-national-avifaune","status":"publish","type":"page","link":"https:\/\/cna.lpo.fr\/?page_id=15625","title":{"rendered":"Le Comit\u00e9 National Avifaune"},"content":{"rendered":"<h3 style=\"text-align: center;\">Pr\u00e9sentation du Comit\u00e9 National Avifaune<\/h3>\n<p>&nbsp;<\/p>\n<p><img decoding=\"async\" class=\"imagecache-largeur largeur aligncenter\" src=\"https:\/\/cna.lpo.fr\/wp-content\/uploads\/2013\/08\/cigogne-rte.jpg\" alt=\"\" \/><\/p>\n<div class=\"legende\"><\/div>\n<p style=\"text-align: left;\">Les oiseaux font l&rsquo;objet d&rsquo;une attention particuli\u00e8re dans les am\u00e9nagements de lignes \u00e9lectriques car ils sont expos\u00e9s \u00e0 deux types de dangers :<\/p>\n<ul style=\"text-align: left;\">\n<li>la collision, le plus souvent avec les lignes haute et tr\u00e8s haute tension, mais parfois aussi avec le r\u00e9seau moyenne et basse tension ;<\/li>\n<li>l\u2019\u00e9lectrocution, le plus souvent sur des ouvrages moyenne et basse tension (lignes ou poteaux), mais parfois aussi sur le r\u00e9seau haute tension, pour certaines configurations de pyl\u00f4nes.<\/li>\n<\/ul>\n<p style=\"text-align: left;\">Selon les esp\u00e8ces, et en particulier selon leur envergure, leur maniabilit\u00e9 en vol et leurs comportements, la vuln\u00e9rabilit\u00e9 vis-\u00e0-vis des lignes \u00e9lectriques diff\u00e8re.<br \/>\nConscients de l\u2019impact des lignes \u00e9lectriques, les gestionnaires de r\u00e9seaux (RTE et Enedis) r\u00e9alisent des actions de protection. Celles-ci reposent essentiellement sur des contacts r\u00e9guliers engag\u00e9s d\u00e8s les ann\u00e9es 90 entres les associations naturalistes et EDF. D\u00e8s 1992, EDF s&rsquo;est engag\u00e9e en signant avec l&rsquo;Etat un accord pour limiter l&rsquo;impact environnemental des r\u00e9seaux, et la LPO a r\u00e9alis\u00e9 la premi\u00e8re synth\u00e8se nationale sur les cas d\u2019\u00e9lectrocution et de collision avec les r\u00e9seaux \u00e9lectriques. Cette premi\u00e8re \u00e9tude a permis d&rsquo;\u00e9valuer le risque de certains \u00e9quipements et la sensibilit\u00e9 des milieux. C&rsquo;est donc en toute logique que gestionnaires de r\u00e9seaux \u00e9lectriques et associations de naturalistes ont multipli\u00e9 les contacts pour mener ensemble des actions d&rsquo;insensibilisation des lignes.<br \/>\nDepuis 2004, ces contacts se sont organis\u00e9s sous la houlette d&rsquo;un organe de pilotage original : le Comit\u00e9 National Avifaune (CNA). Ce comit\u00e9 regroupe deux grandes associations de protection de la nature : la Ligue pour la Protection des Oiseaux (LPO) et France Nature Environnement (FNE) et les principaux gestionnaires de r\u00e9seaux \u00e9lectriques en France : RTE, le R\u00e9seau de Transport d&rsquo;Electricit\u00e9 et Enedis (l&rsquo;op\u00e9rateur de distribution d&rsquo;\u00e9lectricit\u00e9).<\/p>\n<p style=\"text-align: left;\">Le CNA est un rare exemple de gouvernance associant des ONG et des entreprises. Le CNA aide RTE et Enedis \u00e0 orienter leurs efforts de protection de l\u2019avifaune vers les actions les plus efficaces. Il favorise notamment, au niveau r\u00e9gional et local, les relations entre les op\u00e9rateurs et les naturalistes, veille \u00e0 la coh\u00e9rence des actions en cours et futures, et aux priorit\u00e9s de mise en \u0153uvre.<br \/>\nLe CNA se r\u00e9unit 4 fois par an et permet d\u2019aborder les points suivants :<\/p>\n<ul style=\"text-align: left;\">\n<li>retour d\u2019exp\u00e9riences des initiatives en r\u00e9gion,<\/li>\n<li>partage des bonnes pratiques,<\/li>\n<li>analyse des difficult\u00e9s rencontr\u00e9es sur le terrain,<\/li>\n<li>mobilisation des acteurs locaux.<\/li>\n<\/ul>\n<p style=\"text-align: left;\">Le minist\u00e8re en charge de l&rsquo;environnement a int\u00e9gr\u00e9 le CNA en 2013 en tant qu&rsquo;invit\u00e9 permanent.<br \/>\nLe CNA diffuse deux bulletins : \u00ab Oiseaux et Lignes Electriques \u00bb &#8211; bulletin th\u00e9matique sur des probl\u00e9matiques esp\u00e8ces ou techniques, et \u00ab Oiseaux et Lignes Electriques \u2013 Actualit\u00e9s \u00bb &#8211; ax\u00e9 sur les \u00e9v\u00e8nements locaux.<br \/>\nTrois colloques ont \u00e9galement \u00e9t\u00e9 organis\u00e9s par le CNA, en 2005 et 2009 sur le th\u00e8me des Oiseaux et des Lignes Electriques, et en 2014 pour ses 10 ans.<\/p>\n<p style=\"text-align: left;\">Le lien entre les partenaires a \u00e9t\u00e9 consolid\u00e9 en 2011 par la mise \u00e0 disposition par RTE et Enedis, d&rsquo;un m\u00e9diateur, charg\u00e9 de faciliter le dialogue entre les diff\u00e9rentes parties prenantes et de pr\u00e9venir les difficult\u00e9s.<\/p>\n<h3 style=\"text-align: center;\">\u00a0Les repr\u00e9sentants des membres du CNA<\/h3>\n<ul>\n<li>RTE &#8211; <strong>Claire Fourdan<\/strong><strong><br \/>\n<\/strong><\/li>\n<li>Enedis &#8211; <strong>Thierry Bara <\/strong>&amp; <strong>Samantha Sciortino<\/strong><strong><br \/>\n<\/strong><\/li>\n<li>LPO &#8211; <strong>Marie-Paule De Thiersant<\/strong> &amp; <strong>Alban Viaud<\/strong><\/li>\n<li>FNE \u2013 <strong>St\u00e9phanie Morelle<\/strong> &amp; <strong>Dominique Py<\/strong><\/li>\n<li>SNCF R\u00e9seau &#8211; <strong>Anne Petit<\/strong><\/li>\n<li>M\u00e9diateur du CNA \u2013 <strong>R\u00e9mi Gimenez<\/strong><\/li>\n<\/ul>\n<p>&nbsp;<\/p>\n","protected":false},"excerpt":{"rendered":"<p>Pr\u00e9sentation du Comit\u00e9 National Avifaune &nbsp; Les oiseaux font l&rsquo;objet d&rsquo;une attention particuli\u00e8re dans les am\u00e9nagements de lignes \u00e9lectriques car ils sont expos\u00e9s \u00e0 deux types de dangers : la collision, le plus souvent avec les lignes haute et tr\u00e8s haute tension, mais parfois aussi avec le r\u00e9seau moyenne et basse tension ; l\u2019\u00e9lectrocution, le [&hellip;]<\/p>\n","protected":false},"author":3,"featured_media":15621,"parent":0,"menu_order":0,"comment_status":"closed","ping_status":"closed","template":"","meta":{"footnotes":""},"class_list":["post-15625","page","type-page","status-publish","has-post-thumbnail","hentry"],"_links":{"self":[{"href":"https:\/\/cna.lpo.fr\/index.php?rest_route=\/wp\/v2\/pages\/15625","targetHints":{"allow":["GET"]}}],"collection":[{"href":"https:\/\/cna.lpo.fr\/index.php?rest_route=\/wp\/v2\/pages"}],"about":[{"href":"https:\/\/cna.lpo.fr\/index.php?rest_route=\/wp\/v2\/types\/page"}],"author":[{"embeddable":true,"href":"https:\/\/cna.lpo.fr\/index.php?rest_route=\/wp\/v2\/users\/3"}],"replies":[{"embeddable":true,"href":"https:\/\/cna.lpo.fr\/index.php?rest_route=%2Fwp%2Fv2%2Fcomments&post=15625"}],"version-history":[{"count":8,"href":"https:\/\/cna.lpo.fr\/index.php?rest_route=\/wp\/v2\/pages\/15625\/revisions"}],"predecessor-version":[{"id":33018,"href":"https:\/\/cna.lpo.fr\/index.php?rest_route=\/wp\/v2\/pages\/15625\/revisions\/33018"}],"wp:featuredmedia":[{"embeddable":true,"href":"https:\/\/cna.lpo.fr\/index.php?rest_route=\/wp\/v2\/media\/15621"}],"wp:attachment":[{"href":"https:\/\/cna.lpo.fr\/index.php?rest_route=%2Fwp%2Fv2%2Fmedia&parent=15625"}],"curies":[{"name":"wp","href":"https:\/\/api.w.org\/{rel}","templated":true}]}}