{"id":16449,"date":"2013-08-07T01:01:40","date_gmt":"2013-08-06T23:01:40","guid":{"rendered":"https:\/\/cna.lpo.fr\/?page_id=16449"},"modified":"2025-09-02T15:33:07","modified_gmt":"2025-09-02T13:33:07","slug":"les-publications","status":"publish","type":"page","link":"https:\/\/cna.lpo.fr\/?page_id=16449","title":{"rendered":"CNA &#8211; Les publications"},"content":{"rendered":"<div id=\"idancre1\" class=\"ancre\"><\/div>\n<h2>\u00a0Oiseaux et lignes \u00e9lectriques<\/h2>\n<p>&nbsp;<\/p>\n<ul>\n<li>Oiseaux et lignes \u00e9lectriques n\u00b0 41, 1er semestre 2022 &#8211; Actualit\u00e9s<\/li>\n<li><a href=\"http:\/\/rapaces.lpo.fr\/sites\/default\/files\/cna-oiseaux-et-lignes-lectriques\/1581\/oetle-41-rev6.pdf\">T\u00e9l\u00e9charger<\/a><\/li>\n<li>Oiseaux et lignes \u00e9lectriques n\u00b0 40, 2\u00e8me semestre 2021 &#8211; Actualit\u00e9s<\/li>\n<li><a href=\"http:\/\/rapaces.lpo.fr\/sites\/default\/files\/cna-oiseaux-et-lignes-lectriques\/1581\/oetle-40-rev6.pdf\">T\u00e9l\u00e9charger<\/a><\/li>\n<li>Oiseaux et lignes \u00e9lectriques n\u00b0 39, 1er semestre 2021 &#8211; Actualit\u00e9s<\/li>\n<li><a href=\"http:\/\/rapaces.lpo.fr\/sites\/default\/files\/cna-oiseaux-et-lignes-lectriques\/1581\/oetle-39-rev5.pdf\">T\u00e9l\u00e9charger<\/a><\/li>\n<li>Oiseaux et lignes \u00e9lectriques n\u00b0 38, Balbuzard p\u00eacheur et Pygargue \u00e0 queue blanche<\/li>\n<li><a href=\"http:\/\/rapaces.lpo.fr\/sites\/default\/files\/cna-oiseaux-et-lignes-lectriques\/1581\/oetle-38-rev7.pdf\">T\u00e9l\u00e9charger<\/a><\/li>\n<li>Oiseaux et lignes \u00e9lectriques n\u00b0 37, 2\u00e8me semestre 2020 &#8211; Actualit\u00e9s<\/li>\n<li><a href=\"http:\/\/rapaces.lpo.fr\/sites\/default\/files\/cna-oiseaux-et-lignes-lectriques\/1581\/oetle-37-rev8.pdf\">T\u00e9l\u00e9charger<\/a><\/li>\n<li>Oiseaux et lignes \u00e9lectriques n\u00b0 36, 1er semestre 2020 &#8211; Actualit\u00e9s<\/li>\n<li><a href=\"http:\/\/rapaces.lpo.fr\/sites\/default\/files\/cna-oiseaux-et-lignes-lectriques\/1581\/oetle-36-rev6.pdf\">T\u00e9l\u00e9charger<\/a><\/li>\n<li>Oiseaux et lignes \u00e9lectriques n\u00b0 35, 2\u00e8me semestre 2019 &#8211; Actualit\u00e9s<\/li>\n<li><a href=\"http:\/\/rapaces.lpo.fr\/sites\/default\/files\/cna-oiseaux-et-lignes-lectriques\/1581\/oetle-35-rev6.pdf\">T\u00e9l\u00e9charger<\/a><\/li>\n<li>Oiseaux et lignes \u00e9lectriques n\u00b0 34, Quand le CNA mobilise la recherche<\/li>\n<li><a href=\"http:\/\/rapaces.lpo.fr\/sites\/default\/files\/cna-oiseaux-et-lignes-lectriques\/1581\/oetle-34-rev5.pdf\">T\u00e9l\u00e9charger<\/a><\/li>\n<li>Oiseaux et lignes \u00e9lectriques n\u00b0 33, 1er semestre 2019 &#8211; Actualit\u00e9s<\/li>\n<li><a href=\"http:\/\/rapaces.lpo.fr\/sites\/default\/files\/cna-oiseaux-et-lignes-lectriques\/1581\/oetle-33-rev7.pdf\">T\u00e9l\u00e9charger<\/a><\/li>\n<li>Oiseaux et lignes \u00e9lectriques n\u00b0 32, 2<sup>e <\/sup>semestre 2018 &#8211; Actualit\u00e9s<\/li>\n<li><a href=\"http:\/\/rapaces.lpo.fr\/sites\/default\/files\/cna-oiseaux-et-lignes-lectriques\/1581\/oetle-32-rev7.pdf\">T\u00e9l\u00e9charger<\/a><\/li>\n<li>Oiseaux et lignes \u00e9lectriques n\u00b0 31, 1er semestre 2018 &#8211; Actualit\u00e9s<\/li>\n<li><a href=\"https:\/\/issuu.com\/latomatebleue\/docs\/oetle_31\" target=\"_blank\" rel=\"noopener\">Lecture en ligne<\/a>\u00a0&#8211; <a href=\"http:\/\/rapaces.lpo.fr\/sites\/default\/files\/cna-oiseaux-et-lignes-lectriques\/3475\/oetle31.pdf\">T\u00e9l\u00e9charger<\/a><\/li>\n<li>Oiseaux et lignes \u00e9lectriques n\u00b0 30, 2<sup>e<\/sup> semestre 2017 &#8211; Actualit\u00e9s<br \/>\n<a href=\"https:\/\/issuu.com\/latomatebleue\/docs\/oetle30_actu\" target=\"_blank\" rel=\"noopener\">Lecture en ligne<\/a> &#8211; <a href=\"https:\/\/cna.lpo.fr\/wp-content\/uploads\/2010\/05\/oetle30actu.pdf\" target=\"_blank\" rel=\"noopener\">T\u00e9l\u00e9charger<\/a><\/li>\n<li>Oiseaux et lignes \u00e9lectriques n\u00b0 29, 1<sup>e<\/sup> semestre 2017 &#8211; Actualit\u00e9s<br \/>\n<a href=\"http:\/\/issuu.com\/latomatebleue\/docs\/oetle_29_rev6_\" target=\"_blank\" rel=\"noopener\">Lecture en ligne<\/a> &#8211; <a href=\"https:\/\/cna.lpo.fr\/wp-content\/uploads\/2013\/08\/oetle-29-rev6.pdf\" target=\"_blank\" rel=\"noopener\">T\u00e9l\u00e9charger<\/a><\/li>\n<li>Oiseaux et lignes \u00e9lectriques n\u00b0 28, juillet 2017 &#8211; \u00ab\u00a0Le diagnostic de la politique de protection de l\u2019avifaune de RTE : un outil de progr\u00e8s\u00a0\u00bb<br \/>\n<a href=\"http:\/\/issuu.com\/latomatebleue\/docs\/oetle_28_rev6\" target=\"_blank\" rel=\"noopener\">Lecture en ligne<\/a> &#8211; <a href=\"https:\/\/cna.lpo.fr\/wp-content\/uploads\/2013\/08\/oetle-28-rev6.pdf\" target=\"_blank\" rel=\"noopener\">T\u00e9l\u00e9charger<\/a><\/li>\n<li>Oiseaux et lignes \u00e9lectriques n\u00b0 27, 2<sup>e<\/sup> semestre 2016 &#8211; Actualit\u00e9s<br \/>\n<a href=\"http:\/\/issuu.com\/latomatebleue\/docs\/oetle_27ok\" target=\"_blank\" rel=\"noopener\">Lecture en ligne<\/a> &#8211; <a href=\"https:\/\/cna.lpo.fr\/wp-content\/uploads\/2013\/08\/oetle-27ok.pdf\" target=\"_blank\" rel=\"noopener\">T\u00e9l\u00e9charger<\/a><\/li>\n<li>\u00a0Oiseaux et lignes \u00e9lectriques n\u00b0 26, septembre 2016 &#8211; Actualit\u00e9s<br \/>\n<a href=\"https:\/\/issuu.com\/latomatebleue\/docs\/oetle_26_actus\" target=\"_blank\" rel=\"noopener\">Lecture en ligne<\/a> &#8211; <a href=\"https:\/\/cna.lpo.fr\/wp-content\/uploads\/2010\/05\/oetle26actus.pdf\" target=\"_blank\" rel=\"noopener\">T\u00e9l\u00e9charger<\/a><\/li>\n<li>Oiseaux et lignes \u00e9lectriques n\u00b0 25, mai 2016 &#8211; Camargue<br \/>\n<a href=\"http:\/\/issuu.com\/latomatebleue\/docs\/oetle_25_rev9\" target=\"_blank\" rel=\"noopener\">Lecture en ligne<\/a> &#8211; <a href=\"https:\/\/cna.lpo.fr\/wp-content\/uploads\/2010\/05\/oetle-25-rev9.pdf\" target=\"_blank\" rel=\"noopener\">T\u00e9l\u00e9charger<\/a><\/li>\n<li>Oiseaux et lignes \u00e9lectriques n\u00b0 24, 2e semestre 2015 &#8211; Actualit\u00e9s<br \/>\n<a href=\"http:\/\/issuu.com\/latomatebleue\/docs\/oetle_24_rev12_\" target=\"_blank\" rel=\"noopener\">Lecture en ligne<\/a> &#8211; <a href=\"https:\/\/cna.lpo.fr\/wp-content\/uploads\/2010\/05\/oetle-24-rev12.pdf\" target=\"_blank\" rel=\"noopener\">T\u00e9l\u00e9charger<\/a><\/li>\n<li>Oiseaux et lignes \u00e9lectriques n\u00b0 23, juillet 2015 &#8211; Grands-ducs<br \/>\n<a href=\"http:\/\/issuu.com\/latomatebleue\/docs\/oetle_23_rev9\/1\" target=\"_blank\" rel=\"noopener\">Lecture en ligne<\/a> &#8211; <a href=\"https:\/\/cna.lpo.fr\/wp-content\/uploads\/2013\/08\/oetle-23-rev9.pdf\" target=\"_blank\" rel=\"noopener\">T\u00e9l\u00e9charger<\/a><\/li>\n<li>Oiseaux et lignes \u00e9lectriques n\u00b0 22, juiller 2015 &#8211; Actualit\u00e9s<br \/>\n<a href=\"https:\/\/issuu.com\/latomatebleue\/docs\/oetle_22_rev8_\" target=\"_blank\" rel=\"noopener\">Lecture en ligne<\/a> &#8211; <a href=\"https:\/\/cna.lpo.fr\/wp-content\/uploads\/2010\/05\/oetle-22-rev8.pdf\" target=\"_blank\" rel=\"noopener\">T\u00e9l\u00e9charger<\/a><\/li>\n<li>Oiseaux et lignes \u00e9lectriques n\u00b0 21, janvier 2015 &#8211; Actualit\u00e9s<br \/>\n<a href=\"http:\/\/issuu.com\/latomatebleue\/docs\/oetle_21_rev10\" target=\"_blank\" rel=\"noopener\">Lecture en ligne <\/a>&#8211; <a href=\"https:\/\/cna.lpo.fr\/wp-content\/uploads\/2010\/05\/oetle21rev10.pdf\" target=\"_blank\" rel=\"noopener\">T\u00e9l\u00e9charger<\/a><\/li>\n<li>Oiseaux et lignes \u00e9lectriques n\u00b0 20, Septembre 2014 &#8211; 10 ans du CNA<br \/>\n<a href=\"http:\/\/issuu.com\/latomatebleue\/docs\/cna_20\" target=\"_blank\" rel=\"noopener\">Lecture en ligne<\/a> &#8211; <a href=\"https:\/\/cna.lpo.fr\/wp-content\/uploads\/2010\/05\/cna20.pdf\" target=\"_blank\" rel=\"noopener\">T\u00e9l\u00e9charger<\/a><\/li>\n<li>Oiseaux et lignes \u00e9lectriques n\u00b0 19, Juillet 2014 &#8211; Actualit\u00e9s<br \/>\n<a href=\"http:\/\/issuu.com\/latomatebleue\/docs\/oetlen19actus\" target=\"_blank\" rel=\"noopener\">Lecture en ligne<\/a> &#8211; <a href=\"https:\/\/cna.lpo.fr\/wp-content\/uploads\/2010\/05\/oetlen19actus.pdf\" target=\"_blank\" rel=\"noopener\">T\u00e9l\u00e9charger<\/a><\/li>\n<li>Oiseaux et lignes \u00e9lectriques n\u00b0 18, Septembre 2014 &#8211; Le Balbuzard p\u00eacheur<br \/>\n<a href=\"http:\/\/issuu.com\/latomatebleue\/docs\/cna18_balbuzard_rev11\" target=\"_blank\" rel=\"noopener\">Lecture en ligne<\/a> &#8211; <a href=\"https:\/\/cna.lpo.fr\/wp-content\/uploads\/2010\/05\/cna18balbuzardrev11.pdf\" target=\"_blank\" rel=\"noopener\">T\u00e9l\u00e9charger<\/a><\/li>\n<li>Oiseaux et lignes \u00e9lectriques n\u00b0 17, D\u00e9cembre 2013 &#8211; Actualit\u00e9s<br \/>\n<a href=\"http:\/\/issuu.com\/latomatebleue\/docs\/cna_actu17_rev14\" target=\"_blank\" rel=\"noopener\">Lecture en ligne<\/a> &#8211; <a href=\"http:\/\/rapaces.lpo.fr\/sites\/default\/files\/cna-oiseaux-et-lignes-lectriques\/1581\/cna17actu.pdf\">T\u00e9l\u00e9charger<\/a><\/li>\n<li>Oiseaux et lignes \u00e9lectriques n\u00b0 16, D\u00e9cembre 2013 &#8211; Montagne<br \/>\n<a href=\"http:\/\/issuu.com\/latomatebleue\/docs\/cna16_montagne_rev12\" target=\"_blank\" rel=\"noopener\">Lecture en ligne<\/a> &#8211; <a href=\"http:\/\/rapaces.lpo.fr\/sites\/default\/files\/cna-oiseaux-et-lignes-lectriques\/1581\/cna16montagne.pdf\">T\u00e9l\u00e9charger<\/a><\/li>\n<li>Oiseaux et lignes \u00e9lectriques n\u00b0 15, ao\u00fbt 2013 &#8211; Actualit\u00e9s<br \/>\n<a href=\"http:\/\/issuu.com\/latomatebleue\/docs\/cnaactu15rev14\" target=\"_blank\" rel=\"noopener\">Lecture en ligne<\/a> &#8211; <a href=\"https:\/\/cna.lpo.fr\/wp-content\/uploads\/2013\/08\/cnaactu15rev14.pdf\" target=\"_blank\" rel=\"noopener\">T\u00e9l\u00e9charger<\/a><\/li>\n<li>Oiseaux et lignes \u00e9lectriques n\u00b0 14, juillet 2012 &#8211; Bilan CNA<br \/>\n<a href=\"http:\/\/issuu.com\/latomatebleue\/docs\/oetle14?mode=window&amp;printButtonEnabled=false&amp;backgroundColor=%23222222\" target=\"_blank\" rel=\"noopener\">Lecture en ligne<\/a> &#8211;<a title=\"\" href=\"https:\/\/cna.lpo.fr\/wp-content\/uploads\/2013\/08\/oetle14.pdf\"> T\u00e9l\u00e9charger<\/a><\/li>\n<li>Oiseaux et lignes \u00e9lectriques &#8211; Actualit\u00e9s n\u00b0 13, f\u00e9vrier 2012 &#8211; Milan Royal<br \/>\n<a href=\"http:\/\/issuu.com\/latomatebleue\/docs\/ole_actu13?mode=window&amp;backgroundColor=%23222222\" target=\"_blank\" rel=\"noopener\">Lecture en ligne<\/a> &#8211; <a href=\"https:\/\/cna.lpo.fr\/wp-content\/uploads\/2013\/08\/oleactu13rev8bd.pdf\" target=\"_blank\" rel=\"noopener\">T\u00e9l\u00e9charger<\/a><\/li>\n<li>Oiseaux et lignes \u00e9lectriques n\u00b0 12, mars 2012 &#8211; Elagage<br \/>\n<a href=\"http:\/\/issuu.com\/latomatebleue\/docs\/cna_12?mode=window&amp;backgroundColor=%23222222\" target=\"_blank\" rel=\"noopener\">Lecture en ligne<\/a> &#8211;<a href=\"https:\/\/cna.lpo.fr\/wp-content\/uploads\/2013\/08\/cna12rev8.pdf\" target=\"_blank\" rel=\"noopener\"> T\u00e9l\u00e9charger<\/a><\/li>\n<li>Oiseaux et lignes \u00e9lectriques &#8211; Actualit\u00e9s n\u00b0 11, ao\u00fbt 2011 &#8211; Aigle de Bonelli<br \/>\n<a href=\"http:\/\/issuu.com\/latomatebleue\/docs\/oetleactu11rev10bd?mode=embed\" target=\"_blank\" rel=\"noopener\">Lecture en ligne<\/a> &#8211; <a href=\"https:\/\/cna.lpo.fr\/wp-content\/uploads\/2013\/08\/oetleactu11rev10bd.pdf\" target=\"_blank\" rel=\"noopener\">T\u00e9l\u00e9charger<\/a><\/li>\n<li>Oiseaux et lignes \u00e9lectriques n\u00b0 10, juillet 2011 &#8211; Migration<br \/>\n<a href=\"http:\/\/issuu.com\/latomatebleue\/docs\/oetle_10_migration?mode=embed\" target=\"_blank\" rel=\"noopener\">Lecture en ligne<\/a> &#8211; <a href=\"https:\/\/cna.lpo.fr\/wp-content\/uploads\/2010\/05\/oetle10rev11.pdf\" target=\"_blank\" rel=\"noopener\">T\u00e9l\u00e9charger<\/a><\/li>\n<li>Oiseaux et lignes \u00e9lectriques &#8211; Actualit\u00e9s n\u00b0 9, d\u00e9cembre 2012 &#8211; Gypa\u00e8te barbu<br \/>\n<a href=\"http:\/\/issuu.com\/latomatebleue\/docs\/o_le_9_actu?mode=window&amp;backgroundColor=%23222222\" target=\"_blank\" rel=\"noopener\">Lecture en ligne<\/a> &#8211;\u00a0<a href=\"https:\/\/cna.lpo.fr\/wp-content\/uploads\/2013\/08\/ole9.pdf\">T\u00e9l\u00e9charger<\/a><\/li>\n<li>Oiseaux et lignes \u00e9lectriques n\u00b0 8, d\u00e9cemdre 2010 &#8211; Milan Royal<br \/>\n<a href=\"http:\/\/issuu.com\/latomatebleue\/docs\/oetle_8rev8bis?viewMode=magazine&amp;mode=embed\" target=\"_blank\" rel=\"noopener\">Lecture en ligne<\/a> &#8211; <a title=\"\" href=\"https:\/\/cna.lpo.fr\/wp-content\/uploads\/2013\/08\/oetle8rev8bis.pdf\">T\u00e9l\u00e9charger<\/a><\/li>\n<li>Oiseaux et lignes \u00e9lectriques n\u00b0 7,\u00a0novembre 2010 &#8211; LIFE<br \/>\n<a href=\"http:\/\/issuu.com\/latomatebleue\/docs\/oetle_7rev9bis?viewMode=magazine&amp;mode=embed\" target=\"_blank\" rel=\"noopener\">Lecture en ligne<\/a> &#8211; <a href=\"https:\/\/cna.lpo.fr\/wp-content\/uploads\/2013\/08\/oetle7rev9bis.pdf\" target=\"_blank\" rel=\"noopener\">T\u00e9l\u00e9charger<\/a><\/li>\n<\/ul>\n<ul>\n<li>Oiseaux et lignes \u00e9lectriques n\u00b0 6, mars 2009 &#8211; Cigogne &#8211; <a title=\"\" href=\"https:\/\/cna.lpo.fr\/wp-content\/uploads\/2013\/08\/oetle6rev9pp.pdf\">T\u00e9l\u00e9charger<\/a><\/li>\n<li>Oiseaux et lignes \u00e9lectriques n\u00b0 5, d\u00e9cembre 2007 &#8211; NATURA 2000 &#8211; <a href=\"https:\/\/cna.lpo.fr\/wp-content\/uploads\/2013\/08\/oetle5rev7pp.pdf\" target=\"_blank\" rel=\"noopener\">T\u00e9l\u00e9charger<\/a><\/li>\n<li>Oiseaux et lignes \u00e9lectriques n\u00b0 4, juillet 2007 &#8211; Aigle de Bonelli &#8211; <a href=\"https:\/\/cna.lpo.fr\/wp-content\/uploads\/2013\/08\/oetle4rev11.pdf\" target=\"_blank\" rel=\"noopener\">T\u00e9l\u00e9charger<\/a><\/li>\n<li>Oiseaux et lignes \u00e9lectriques n\u00b0 3, novembre 2006 &#8211; Vautour Percnopt\u00e8re &#8211; <a href=\"https:\/\/cna.lpo.fr\/wp-content\/uploads\/2013\/08\/oetle3-rev3.pdf\" target=\"_blank\" rel=\"noopener\">T\u00e9l\u00e9charger<\/a><\/li>\n<li>Oiseaux et lignes \u00e9lectriques n\u00b0 2, mars 2006 &#8211; Vautours fauve et moine &#8211; <a href=\"https:\/\/cna.lpo.fr\/wp-content\/uploads\/2013\/08\/edf-info-mars-06.pdf\" target=\"_blank\" rel=\"noopener\">T\u00e9l\u00e9charger<\/a><\/li>\n<li>Oiseaux et lignes \u00e9lectriques n\u00b0 1, juillet 2005 &#8211; Gypa\u00e8te barbu &#8211; <a href=\"https:\/\/cna.lpo.fr\/wp-content\/uploads\/2013\/08\/oiseauxligneselec.pdf\" target=\"_blank\" rel=\"noopener\">T\u00e9l\u00e9charger<\/a><\/li>\n<\/ul>\n<div id=\"idancre2\" class=\"ancre\"><\/div>\n<h2>Documentations<\/h2>\n<ul>\n<li><img loading=\"lazy\" decoding=\"async\" class=\"imagecache-original\" src=\"https:\/\/cna.lpo.fr\/wp-content\/uploads\/2013\/08\/couv-depliant-pylones.png\" alt=\"\" width=\"168\" height=\"120\" \/>D\u00e9pliant \u00ab\u00a0Quels oiseaux nichent sur les pyl\u00f4nes \u00e9lectriques ?\u00a0\u00bb<br \/>\nVous pouvez le t\u00e9l\u00e9charger au format jpg : <a href=\"https:\/\/cna.lpo.fr\/wp-content\/uploads\/2013\/08\/depliantnid-pylone-1-scaled.jpg\" target=\"_blank\" rel=\"noopener\">Recto<\/a> &#8211; <a href=\"https:\/\/cna.lpo.fr\/wp-content\/uploads\/2013\/08\/depliantnid-pylone-2.jpg\" target=\"_blank\" rel=\"noopener\">Verso<\/a><\/li>\n<li><img loading=\"lazy\" decoding=\"async\" class=\"imagecache-Original\" src=\"https:\/\/cna.lpo.fr\/wp-content\/uploads\/2013\/08\/affichecna2011.jpg\" alt=\"\" width=\"85\" height=\"120\" \/>Affiche CNA 2011<br \/>\nVous pouvez <a href=\"https:\/\/cna.lpo.fr\/wp-content\/uploads\/2013\/08\/affichecna.zip\">t\u00e9l\u00e9charger<\/a> l&rsquo;affiche au format jpg (2,7 Mo).<\/li>\n<\/ul>\n<div id=\"idancre3\" class=\"ancre\"><\/div>\n<h2>Actes des colloques CNA<\/h2>\n<ul>\n<li><img loading=\"lazy\" decoding=\"async\" class=\"imagecache-original\" src=\"https:\/\/cna.lpo.fr\/wp-content\/uploads\/2016\/04\/actes-colloque-cna-2014.png\" alt=\"\" width=\"100\" height=\"141\" \/> Actes du colloque CNA, 2 octobre 2014 &#8211; Paris<br \/>\n<a href=\"http:\/\/issuu.com\/latomatebleue\/docs\/actes_colloques_cna_rev14_\" target=\"_blank\" rel=\"noopener\">Lecture en ligne<\/a> &#8211; <a href=\"https:\/\/cna.lpo.fr\/wp-content\/uploads\/2016\/04\/actes-colloques-cna-rev14.pdf\" target=\"_blank\" rel=\"noopener\">T\u00e9l\u00e9charger<\/a><\/li>\n<\/ul>\n<div id=\"idancre1\" class=\"ancre\"><\/div>\n<ul>\n<li><a href=\"https:\/\/cna.lpo.fr\/wp-content\/uploads\/2013\/08\/6-dpavifaune151009.pdf\" target=\"_blank\" rel=\"noopener\">2<sup>e<\/sup> colloque sur la protection de l\u2019avifaune<\/a>, octobre 2009<\/li>\n<\/ul>\n<div id=\"idancre3\" class=\"ancre\">\u00a0 <img loading=\"lazy\" decoding=\"async\" src=\"https:\/\/cna.lpo.fr\/wp-content\/uploads\/2022\/09\/colloque-2009.JPG\" width=\"100\" height=\"141\" \/><\/div>\n<p>&nbsp;<\/p>\n","protected":false},"excerpt":{"rendered":"<p>\u00a0Oiseaux et lignes \u00e9lectriques &nbsp; Oiseaux et lignes \u00e9lectriques n\u00b0 41, 1er semestre 2022 &#8211; Actualit\u00e9s T\u00e9l\u00e9charger Oiseaux et lignes \u00e9lectriques n\u00b0 40, 2\u00e8me semestre 2021 &#8211; Actualit\u00e9s T\u00e9l\u00e9charger Oiseaux et lignes \u00e9lectriques n\u00b0 39, 1er semestre 2021 &#8211; Actualit\u00e9s T\u00e9l\u00e9charger Oiseaux et lignes \u00e9lectriques n\u00b0 38, Balbuzard p\u00eacheur et Pygargue \u00e0 queue blanche T\u00e9l\u00e9charger [&hellip;]<\/p>\n","protected":false},"author":3,"featured_media":15645,"parent":0,"menu_order":0,"comment_status":"closed","ping_status":"closed","template":"","meta":{"footnotes":""},"class_list":["post-16449","page","type-page","status-publish","has-post-thumbnail","hentry"],"_links":{"self":[{"href":"https:\/\/cna.lpo.fr\/index.php?rest_route=\/wp\/v2\/pages\/16449","targetHints":{"allow":["GET"]}}],"collection":[{"href":"https:\/\/cna.lpo.fr\/index.php?rest_route=\/wp\/v2\/pages"}],"about":[{"href":"https:\/\/cna.lpo.fr\/index.php?rest_route=\/wp\/v2\/types\/page"}],"author":[{"embeddable":true,"href":"https:\/\/cna.lpo.fr\/index.php?rest_route=\/wp\/v2\/users\/3"}],"replies":[{"embeddable":true,"href":"https:\/\/cna.lpo.fr\/index.php?rest_route=%2Fwp%2Fv2%2Fcomments&post=16449"}],"version-history":[{"count":2,"href":"https:\/\/cna.lpo.fr\/index.php?rest_route=\/wp\/v2\/pages\/16449\/revisions"}],"predecessor-version":[{"id":32940,"href":"https:\/\/cna.lpo.fr\/index.php?rest_route=\/wp\/v2\/pages\/16449\/revisions\/32940"}],"wp:featuredmedia":[{"embeddable":true,"href":"https:\/\/cna.lpo.fr\/index.php?rest_route=\/wp\/v2\/media\/15645"}],"wp:attachment":[{"href":"https:\/\/cna.lpo.fr\/index.php?rest_route=%2Fwp%2Fv2%2Fmedia&parent=16449"}],"curies":[{"name":"wp","href":"https:\/\/api.w.org\/{rel}","templated":true}]}}